der when 154 is divided by 13.
11
What is the remainder when 160 is divided by 64?
32
Calculate the remainder when 136 is divided by 45.
1
What is the remainder when 201 is divided by 112?
89
What is the remainder when 261 is divided by 71?
48
Calculate the remainder when 415 is divided by 77.
30
Calculate the remainder when 128 is divided by 35.
23
Calculate the remainder when 259 is divided by 154.
105
What is the remainder when 252 is divided by 69?
45
What is the remainder when 118 is divided by 43?
32
What is the remainder when 8239 is divided by 113?
103
Calculate the remainder when 212 is divided by 74.
64
What is the remainder when 3393 is divided by 126?
117
Calculate the remainder when 11710 is divided by 32.
30
Calculate the remainder when 323 is divided by 13.
11
What is the remainder when 237 is divided by 58?
5
Calculate the remainder when 602 is divided by 49.
14
What is the remainder when 239 is divided by 48?
47
What is the remainder when 302 is divided by 145?
12
Calculate the remainder when 814 is divided by 394.
26
What is the remainder when 295 is divided by 13?
9
Calculate the remainder when 885 is divided by 9.
3
What is the remainder when 5740 is divided by 87?
85
Calculate the remainder when 211 is divided by 140.
71
Calculate the remainder when 349 is divided by 17.
9
Calculate the remainder when 3950 is divided by 26.
24
What is the remainder when 6130 is divided by 7?
5
Calculate the remainder when 594 is divided by 294.
6
Calculate the remainder when 2613 is divided by 238.
233
Calculate the remainder when 163 is divided by 101.
62
Calculate the remainder when 105 is divided by 77.
28
Calculate the remainder when 2624 is divided by 73.
69
Calculate the remainder when 3765 is divided by 1251.
12
Calculate the remainder when 59 is divided by 55.
4
Calculate the remainder when 10 is divided by 6.
4
Calculate the remainder when 28955 is divided by 21.
17
What is the remainder when 774 is divided by 11?
4
Calculate the remainder when 539 is divided by 244.
51
What is the remainder when 113 is divided by 20?
13
Calculate the remainder when 206 is divided by 39.
11
What is the remainder when 89 is divided by 37?
15
What is the remainder when 90 is divided by 8?
2
Calculate the remainder when 19 is divided by 19.
0
Calculate the remainder when 918 is divided by 331.
256
What is the remainder when 2849 is divided by 124?
121
Calculate the remainder when 77 is divided by 20.
17
Calculate the remainder when 59 is divided by 17.
8
Calculate the remainder when 724 is divided by 5.
4
Calculate the remainder when 109 is divided by 2.
1
Calculate the remainder when 644 is divided by 46.
0
Calculate the remainder when 849 is divided by 23.
21
What is the remainder when 121 is divided by 36?
13
Calculate the remainder when 96 is divided by 75.
21
Calculate the remainder when 615 is divided by 43.
13
What is the remainder when 406 is divided by 128?
22
What is the remainder when 119 is divided by 21?
14
Calculate the remainder when 2796 is divided by 312.
300
Calculate the remainder when 93 is divided by 53.
40
Calculate the remainder when 1221 is divided by 19.
5
What is the remainder when 227 is divided by 59?
50
What is the remainder when 908 is divided by 219?
32
Calculate the remainder when 438 is divided by 89.
82
What is the remainder when 253 is divided by 66?
55
Calculate the remainder when 192 is divided by 28.
24
What is the remainder when 2431 is divided by 19?
18
What is the remainder when 157 is divided by 5?
2
What is the remainder when 124 is divided by 43?
38
Calculate the remainder when 674 is divided by 15.
14
What is the remainder when 213 is divided by 113?
100
Calculate the remainder when 109 is divided by 28.
25
Calculate the remainder when 104 is divided by 80.
24
What is the remainder when 171 is divided by 20?
11
What is the remainder when 7445 is divided by 219?
218
Calculate the remainder when 3994 is divided by 333.
331
What is the remainder when 2771 is divided by 75?
71
What is the remainder when 254 is divided by 32?
30
Calculate the remainder when 198 is divided by 41.
34
Calculate the remainder when 4728 is divided by 86.
84
Calculate the remainder when 841 is divided by 176.
137
What is the remainder when 156 is divided by 43?
27
Calculate the remainder when 269 is divided by 82.
23
What is the remainder when 91 is divided by 52?
39
Calculate the remainder when 344 is divided by 89.
77
What is the remainder when 388 is divided by 23?
20
Calculate the remainder when 401 is divided by 17.
10
What is the remainder when 1221 is divided by 102?
99
What is the remainder when 464 is divided by 24?
8
Calculate the remainder when 97 is divided by 33.
31
What is the remainder when 58 is divided by 21?
16
Calculate the remainder when 2104 is divided by 26.
24
Calculate the remainder when 1181 is divided by 8.
5
Calculate the remainder when 1216 is divided by 63.
19
Calculate the remainder when 496 is divided by 97.
11
What is the remainder when 2027 is divided by 70?
67
What is the remainder when 91 is divided by 46?
45
Calculate the remainder when 674 is divided by 58.
36
Calculate the remainder when 96 is divided by 15.
6
Calculate the remainder when 399 is divided by 138.
123
What is the remainder when 710 is divided by 6?
2
Calculate the remainder when 199 is divided by 158.
41
What is the remainder when 266 is divided by 59?
30
What is the remainder when 583 is divided by 192?
7
What is the remainder when 447 is divided by 434?
13
What is the remainder when 99 is divided by 20?
19
What is the remainder when 5937 is divided by 165?
162
What is the remainder when 356 is divided by 14?
6
Calculate the remainder when 112 is divided by 38.
36
Calculate the remainder when 232 is divided by 94.
44
Calculate the remainder when 93 is divided by 24.
21
Calculate the remainder when 6471 is divided by 101.
7
What is the remainder when 896 is divided by 43?
36
Calculate the remainder when 517 is divided by 52.
49
Calculate the remainder when 37383 is divided by 186.
183
Calculate the remainder when 169 is divided by 69.
31
Calculate the remainder when 1578 is divided by 113.
109
What is the remainder when 81 is divided by 5?
1
What is the remainder when 1270 is divided by 8?
6
Calculate the remainder when 2115 is divided by 26.
9
What is the remainder when 356 is divided by 51?
50
Calculate the remainder when 260 is divided by 84.
8
What is the remainder when 323 is divided by 69?
47
What is the remainder when 910 is divided by 38?
36
Calculate the remainder when 1608 is divided by 23.
21
What is the remainder when 32 is divided by 14?
4
Calculate the remainder when 585 is divided by 251.
83
What is the remainder when 1970 is divided by 13?
7
What is the remainder when 3233 is divided by 66?
65
What is the remainder when 57 is divided by 5?
2
Calculate the remainder when 294 is divided by 20.
14
Calculate the remainder when 406 is divided by 41.
37
What is the remainder when 1452 is divided by 704?
44
What is the remainder when 483 is divided by 454?
29
Calculate the remainder when 174 is divided by 107.
67
What is the remainder when 1237 is divided by 124?
121
Calculate the remainder when 492 is divided by 125.
117
What is the remainder when 171 is divided by 149?
22
What is the remainder when 6197 is divided by 31?
28
Calculate the remainder when 213 is divided by 18.
15
What is the remainder when 134 is divided by 17?
15
Calculate the remainder when 42 is divided by 4.
2
Calculate the remainder when 1744 is divided by 872.
0
Calculate the remainder when 5663 is divided by 48.
47
What is the remainder when 1325 is divided by 35?
30
Calculate the remainder when 543 is divided by 66.
15
What is the remainder when 1793 is divided by 54?
11
Calculate the remainder when 1173 is divided by 49.
46
What is the remainder when 1529 is divided by 69?
11
Calculate the remainder when 20 is divided by 19.
1
Calculate the remainder when 84 is divided by 36.
12
What is the remainder when 518 is divided by 53?
41
What is the remainder when 1143 is divided by 539?
65
What is the remainder when 613 is divided by 56?
53
What is the remainder when 2257 is divided by 562?
9
Calculate the remainder when 1561 is divided by 495.
76
Wha